{"id":36,"date":"2024-02-01T20:18:27","date_gmt":"2024-02-01T19:18:27","guid":{"rendered":"http:\/\/paradenautiquederennes.fr\/?page_id=36"},"modified":"2024-05-12T11:36:59","modified_gmt":"2024-05-12T09:36:59","slug":"sponsors-et-partenaires","status":"publish","type":"page","link":"https:\/\/paradenautiquederennes.fr\/?page_id=36","title":{"rendered":"Partenaires et M\u00e9c\u00e8nes"},"content":{"rendered":"\n<p>Merci \u00e0 tous nos sponsors et m\u00e9c\u00e8nes. Sans eux, cette journ\u00e9e n&rsquo;existerait pas !<\/p>\n\n\n\n<p>Si vous, votre entreprise, votre collectivit\u00e9 souhaite nous aider \u00e0 financer cette journ\u00e9e pour la rendre plus belle, n&rsquo;h\u00e9sitez pas \u00e0 <a href=\"mailto:contact@paradenautiquederennes.fr\">nous contacter<\/a> ! <\/p>\n\n\n\n<p>Notre association est reconnue d&rsquo;utilit\u00e9 publique <\/p>\n\n\n\n<h2 class=\"wp-block-heading\">Sponsors<\/h2>\n\n\n\n<HR>\n\n\n\n<figure class=\"wp-block-image aligncenter size-large is-resized\"><a href=\"https:\/\/metropole.rennes.fr\/\" target=\"_blank\" rel=\"noreferrer noopener\"><img loading=\"lazy\" decoding=\"async\" width=\"1024\" height=\"909\" src=\"https:\/\/paradenautiquederennes.fr\/wp-content\/uploads\/2024\/05\/Ville_de_Rennes.svg_-1024x909.png\" alt=\"\" class=\"wp-image-65\" style=\"object-fit:cover;width:115px;height:102px\" srcset=\"https:\/\/paradenautiquederennes.fr\/wp-content\/uploads\/2024\/05\/Ville_de_Rennes.svg_-1024x909.png 1024w, https:\/\/paradenautiquederennes.fr\/wp-content\/uploads\/2024\/05\/Ville_de_Rennes.svg_-300x266.png 300w, https:\/\/paradenautiquederennes.fr\/wp-content\/uploads\/2024\/05\/Ville_de_Rennes.svg_-768x682.png 768w, https:\/\/paradenautiquederennes.fr\/wp-content\/uploads\/2024\/05\/Ville_de_Rennes.svg_.png 1153w\" sizes=\"auto, (max-width: 1024px) 100vw, 1024px\" \/><\/a><\/figure>\n\n\n\n<HR>\n\n\n\n<figure class=\"wp-block-image aligncenter size-full\"><a href=\"https:\/\/www.territoires-rennes.fr\/\" target=\"_blank\" rel=\"noreferrer noopener\"><img loading=\"lazy\" decoding=\"async\" width=\"260\" height=\"91\" src=\"https:\/\/paradenautiquederennes.fr\/wp-content\/uploads\/2024\/05\/logo_territoires-rennes.png\" alt=\"Territoires Rennes\" class=\"wp-image-67\"\/><\/a><\/figure>\n\n\n\n<HR>\n\n\n\n<figure class=\"wp-block-image aligncenter size-large is-resized\"><a href=\"https:\/\/www.bretagne.bzh\/\" target=\"_blank\" rel=\"noreferrer noopener\"><img loading=\"lazy\" decoding=\"async\" width=\"1024\" height=\"1024\" src=\"https:\/\/paradenautiquederennes.fr\/wp-content\/uploads\/2024\/05\/Region-bretagne-logo.svg_-1024x1024.png\" alt=\"R\u00e9gion Bretagne\" class=\"wp-image-66\" style=\"object-fit:cover;width:110px;height:110px\" srcset=\"https:\/\/paradenautiquederennes.fr\/wp-content\/uploads\/2024\/05\/Region-bretagne-logo.svg_-1024x1024.png 1024w, https:\/\/paradenautiquederennes.fr\/wp-content\/uploads\/2024\/05\/Region-bretagne-logo.svg_-300x300.png 300w, https:\/\/paradenautiquederennes.fr\/wp-content\/uploads\/2024\/05\/Region-bretagne-logo.svg_-150x150.png 150w, https:\/\/paradenautiquederennes.fr\/wp-content\/uploads\/2024\/05\/Region-bretagne-logo.svg_-768x768.png 768w, https:\/\/paradenautiquederennes.fr\/wp-content\/uploads\/2024\/05\/Region-bretagne-logo.svg_.png 1200w\" sizes=\"auto, (max-width: 1024px) 100vw, 1024px\" \/><\/a><\/figure>\n\n\n\n<HR>\n\n\n\n<figure class=\"wp-block-image aligncenter size-large is-resized\"><a href=\"https:\/\/www.credit-agricole.fr\/\" target=\"_blank\" rel=\"noreferrer noopener\"><img loading=\"lazy\" decoding=\"async\" width=\"1024\" height=\"576\" src=\"https:\/\/paradenautiquederennes.fr\/wp-content\/uploads\/2024\/05\/Credit-Agricole-Logo-1024x576.png\" alt=\"Cr\u00e9dit Agricole\" class=\"wp-image-68\" style=\"width:152px\" srcset=\"https:\/\/paradenautiquederennes.fr\/wp-content\/uploads\/2024\/05\/Credit-Agricole-Logo-1024x576.png 1024w, https:\/\/paradenautiquederennes.fr\/wp-content\/uploads\/2024\/05\/Credit-Agricole-Logo-300x169.png 300w, https:\/\/paradenautiquederennes.fr\/wp-content\/uploads\/2024\/05\/Credit-Agricole-Logo-768x432.png 768w, https:\/\/paradenautiquederennes.fr\/wp-content\/uploads\/2024\/05\/Credit-Agricole-Logo-1536x864.png 1536w, https:\/\/paradenautiquederennes.fr\/wp-content\/uploads\/2024\/05\/Credit-Agricole-Logo-2048x1152.png 2048w\" sizes=\"auto, (max-width: 1024px) 100vw, 1024px\" \/><\/a><\/figure>\n\n\n\n<HR>\n","protected":false},"excerpt":{"rendered":"<p>Merci \u00e0 tous nos sponsors et m\u00e9c\u00e8nes. Sans eux, cette journ\u00e9e n&rsquo;existerait pas ! Si vous, votre entreprise, votre collectivit\u00e9 souhaite nous aider \u00e0 financer cette journ\u00e9e pour la rendre plus belle, n&rsquo;h\u00e9sitez pas \u00e0 nous contacter ! Notre association est reconnue d&rsquo;utilit\u00e9 publique Sponsors<\/p>\n","protected":false},"author":1,"featured_media":0,"parent":0,"menu_order":0,"comment_status":"closed","ping_status":"closed","template":"","meta":{"footnotes":""},"class_list":["post-36","page","type-page","status-publish","hentry"],"_links":{"self":[{"href":"https:\/\/paradenautiquederennes.fr\/index.php?rest_route=\/wp\/v2\/pages\/36","targetHints":{"allow":["GET"]}}],"collection":[{"href":"https:\/\/paradenautiquederennes.fr\/index.php?rest_route=\/wp\/v2\/pages"}],"about":[{"href":"https:\/\/paradenautiquederennes.fr\/index.php?rest_route=\/wp\/v2\/types\/page"}],"author":[{"embeddable":true,"href":"https:\/\/paradenautiquederennes.fr\/index.php?rest_route=\/wp\/v2\/users\/1"}],"replies":[{"embeddable":true,"href":"https:\/\/paradenautiquederennes.fr\/index.php?rest_route=%2Fwp%2Fv2%2Fcomments&post=36"}],"version-history":[{"count":7,"href":"https:\/\/paradenautiquederennes.fr\/index.php?rest_route=\/wp\/v2\/pages\/36\/revisions"}],"predecessor-version":[{"id":74,"href":"https:\/\/paradenautiquederennes.fr\/index.php?rest_route=\/wp\/v2\/pages\/36\/revisions\/74"}],"wp:attachment":[{"href":"https:\/\/paradenautiquederennes.fr\/index.php?rest_route=%2Fwp%2Fv2%2Fmedia&parent=36"}],"curies":[{"name":"wp","href":"https:\/\/api.w.org\/{rel}","templated":true}]}}